se
Is 5262271 composite?
True
Is 2386859 a prime number?
True
Is 7463471 a prime number?
False
Is 1242457 composite?
False
Is 1462729 prime?
False
Is 6203651 a composite number?
True
Is 1859537 a prime number?
True
Is 715335913 a prime number?
True
Is 45991733 a composite number?
False
Is 75623 prime?
False
Is 992191 prime?
False
Is 3814379 a prime number?
False
Is 176840437 prime?
False
Is 30859931 a prime number?
True
Is 5097923 a composite number?
False
Is 15086521 a prime number?
True
Is 23398117 composite?
False
Is 102114433 a prime number?
True
Is 21010259 a prime number?
True
Is 4798511 a prime number?
True
Is 3186359 a prime number?
False
Is 299208617 a composite number?
False
Is 456139 composite?
True
Is 56445385 a prime number?
False
Is 24887 a prime number?
False
Is 5885353 a composite number?
False
Is 3297443 a prime number?
False
Is 65460271 prime?
True
Is 28644767 prime?
True
Is 56984123 composite?
True
Is 11594873 a prime number?
True
Is 3672341 a composite number?
True
Is 1252777 prime?
True
Is 7372187 a prime number?
True
Is 30422855 a composite number?
True
Is 2654177 composite?
True
Is 50849 prime?
True
Is 5816801 a prime number?
True
Is 106936649 composite?
True
Is 20859953 a prime number?
True
Is 24190693 composite?
False
Is 75973503 prime?
False
Is 48582701 a prime number?
True
Is 8640601 a composite number?
False
Is 13349773 composite?
True
Is 716853485 a prime number?
False
Is 222614417 a composite number?
False
Is 72163237 prime?
True
Is 8216227 prime?
False
Is 27655727 a prime number?
False
Is 13744417 a composite number?
True
Is 2004115 a composite number?
True
Is 7853977 a prime number?
True
Is 9315277 composite?
False
Is 17392217 prime?
False
Is 10654937 a prime number?
False
Is 503224639 a prime number?
True
Is 36366067 composite?
True
Is 148114853 a composite number?
False
Is 6116311 composite?
True
Is 11519357 a prime number?
True
Is 17300245 prime?
False
Is 97958969 a prime number?
True
Is 1935382849 a prime number?
True
Is 25371773 a prime number?
False
Is 2576147 composite?
True
Is 259499 a prime number?
True
Is 50491549 composite?
False
Is 138468289 a composite number?
True
Is 87633277 a composite number?
True
Is 310945 a composite number?
True
Is 86383027 prime?
True
Is 2320471 a prime number?
True
Is 1529585 a prime number?
False
Is 5849143 a prime number?
False
Is 131746207 a composite number?
False
Is 59703173 a composite number?
False
Is 74669531 prime?
False
Is 766433 composite?
True
Is 9177139 a prime number?
True
Is 68285507 a composite number?
False
Is 114481751 prime?
True
Is 186437 a composite number?
False
Is 146774963 a composite number?
True
Is 2442281 prime?
False
Is 112220945 composite?
True
Is 2477039 a prime number?
False
Is 1278456551 a prime number?
True
Is 956185 a prime number?
False
Is 2819843 a composite number?
True
Is 52896891 composite?
True
Is 6980317 composite?
False
Is 151393 composite?
True
Is 849575507 composite?
True
Is 815441 a composite number?
True
Is 49976777 a prime number?
False
Is 31573313 prime?
False
Is 9041451 composite?
True
Is 14939983 prime?
True
Is 256469 composite?
False
Is 13861967 a prime number?
False
Is 371279 a prime number?
False
Is 604334 composite?
True
Is 32051909 composite?
True
Is 79291 prime?
False
Is 235992833 a prime number?
True
Is 82661081 composite?
False
Is 160859141 prime?
True
Is 3834377 a prime number?
True
Is 17970619 a prime number?
True
Is 1340063 a prime number?
False
Is 415319 composite?
False
Is 16485851 a composite number?
False
Is 3821171 prime?
True
Is 206413139 a prime number?
True
Is 108080017 prime?
True
Is 136297561 a composite number?
True
Is 1078269061 prime?
True
Is 6492533 a composite number?
True
Is 1292519 a prime number?
False
Is 107711707 a composite number?
True
Is 1354783 prime?
False
Is 28400503 a composite number?
False
Is 308140733 prime?
True
Is 65487379 a composite number?
False
Is 140155303 a prime number?
True
Is 12894887 a composite number?
True
Is 1860869 a prime number?
True
Is 20226179 composite?
False
Is 2821933 a prime number?
True
Is 57001781 composite?
False
Is 6845507 a composite number?
True
Is 202471763 a prime number?
False
Is 19654529 prime?
True
Is 545024773 composite?
True
Is 729032903 a prime number?
True
Is 374051 a composite number?
True
Is 4455497 composite?
False
Is 180434 prime?
False
Is 92509 prime?
False
Is 127583117 a composite number?
False
Is 455279 a composite number?
True
Is 31939597 a prime number?
True
Is 12058309 a prime number?
False
Is 22981547 prime?
True
Is 10054697 composite?
False
Is 43990939 prime?
False
Is 195574997 a prime number?
False
Is 12398021 composite?
True
Is 5912965 a prime number?
False
Is 119506603 a prime number?
False
Is 14169827 a composite number?
True
Is 4436801 prime?
True
Is 317982355 composite?
True
Is 518801 prime?
True
Is 55941157 prime?
True
Is 6019757 prime?
True
Is 503974567 prime?
False
Is 19944929 a composite number?
True
Is 22065979 prime?
False
Is 1979539 a prime number?
True
Is 6060851 composite?
True
Is 1953541 a composite number?
True
Is 21865829 a composite number?
False
Is 8012587 a composite number?
True
Is 5397089 composite?
False
Is 70924231 a prime number?
False
Is 14358859 a prime number?
False
Is 11210981 a prime number?
True
Is 5934163 a composite number?
False
Is 13732177 a composite number?
False
Is 438088955 a composite number?
True
Is 3693161 prime?
True
Is 323940037 a composite number?
True
Is 10667357 prime?
False
Is 50310007 composite?
True
Is 235542271 a composite number?
False
Is 536973595 a composite number?
True
Is 3943211 a prime number?
True
Is 59180063 prime?
True
Is 3533009 a prime number?
False
Is 232746247 a composite number?
False
Is 414077 a composite number?
False
Is 3991531 a composite number?
True
Is 18891071 composite?
False
Is 14558893 a prime number?
False
Is 12072869 a prime number?
True
Is 312907417 a prime number?
False
Is 3295597 a composite number?
False
Is 2461951 a prime number?
True
Is 2049859 composite?
True
Is 82652813 prime?
False
Is 485322791 a composite number?
False
Is 126956827 a prime number?
True
Is 5265439 prime?
True
Is 264882029 a composite number?
True
Is 3179881 a composite number?
True
Is 430096091 prime?
False
Is 61265551 a prime number?
False
Is 7443139 composite?
True
Is 10433051 composite?
False
Is 6299791 a composite number?
False
Is 823637 a composite number?
False
Is 4656551 composite?
False
Is 1489318849 composite?
False
Is 42445153 prime?
True
Is 1432741 a composite number?
False
Is 310544771 composite?
True
Is 215067953 a composite number?
False
Is 35026385 prime?
False
Is 47359826 prime?
False
Is 253499 prime?
False
Is 1223149 a composite number?
False
Is 1524374 a composite number?
True
Is 623521 a prime number?
True
Is 64818791 composite?
False
Is 2292041 composite?
False
Is 15815887 composite?
False
Is 24000847 a composite number?
True
Is 673879 composite?
False
Is 163489631 prime?
False
Is 64784081 composite?
False
Is 102601371 a prime number?
False
Is 350549 a composite number?
False
Is 5294791 a composite number?
True
Is 21110647 prime?
True
Is 49557953 a prime number?
False
Is 17987063 prime?
False
Is 294661309 a prime number?
True
Is 3105421 prime?
False
Is 26484721 a composite number?
False
Is 10419641 a prime number?
False
Is 394787 a composite number?
False
Is 109795289 prime?
True
Is 14459821 a prime number?
True
Is 5752189 prime?
False
Is 48094661 prime?
True
Is 2242277 a prime number?
True
Is 6552453 a prime number?
False
Is 7152323 a prime number?
True
Is 30866081 composite?
True
Is 28550105 prime?
False
Is 14495513 a composite number?
False
Is 1839059 a composite number?
False
Is 450268067 composite?
False
Is 34525633 composite?
True
Is 185893223 prime?
True
Is 5351263 prime?
True
Is 485091137 composite?
True
Is 904721 composite?
False
Is 32050147 composite?
True
Is 1543859 prime?
True
Is 1944398 a composite number?
True
Is 3601709 prime?
True
Is 14959585 composite?
True
Is 63991997 prime?
True
Is 8514913 a composite number?
True
Is 17556263 a prime number?
False
Is 4838237 a composite number?
True
Is 59840041 composite?
False
Is 15039443 a prime number?
True
Is 155399 a prime number?
True
Is 14565043 a composite number?
True
Is 36357253 a composite numb